{"id":1464,"date":"2022-05-14T00:03:19","date_gmt":"2022-05-14T04:03:19","guid":{"rendered":"https:\/\/institutoasgard.com\/?post_type=product&#038;p=1464"},"modified":"2022-05-14T00:03:20","modified_gmt":"2022-05-14T04:03:20","slug":"conectandonos-a-nuestra-salud-a-traves-de-los-mandalas","status":"publish","type":"product","link":"https:\/\/institutoasgard.com\/index.php\/producto\/conectandonos-a-nuestra-salud-a-traves-de-los-mandalas\/","title":{"rendered":"Conect\u00e1ndonos a nuestra salud a trav\u00e9s de los Mandalas"},"content":{"rendered":"<b>Objetivo<\/b><span style=\"font-weight: 400;\">: Revisar tu estado presente f\u00edsico y emocional, descubriendo a trav\u00e9s de los colores y los mandalas posibles bloqueos inconscientes que te separan de tu estado deseado.\u00a0<\/span>\r\n\r\n<span style=\"font-weight: 400;\">El taller te ayuda a sacar informaci\u00f3n y contenidos de tu programaci\u00f3n ps\u00edquica.\u00a0<\/span>\r\n\r\n<span style=\"font-weight: 400;\">Al hacer consciente esta informaci\u00f3n, puedes reprogramar aquello que ya no te es \u00fatil.\u00a0<\/span>\r\n\r\n<span style=\"font-weight: 400;\">Esta herramienta estimula la creatividad, creando canales cognitivos a nuevas soluciones.\u00a0<\/span>\r\n\r\n<span style=\"font-weight: 400;\">Ayuda tambi\u00e9n a la mente a enfocarse en una tarea, lo cual fomenta la concentraci\u00f3n de\u00a0<\/span>\r\n\r\n<span style=\"font-weight: 400;\">la energ\u00eda enfocada a la soluci\u00f3n.\u00a0\u00a0<\/span>\r\n\r\n<b>Dirigido a<\/b><span style=\"font-weight: 400;\">: todas las personas interesadas en aprender una nueva herramienta de auto-conocimiento y de diagn\u00f3stico.\u00a0<\/span>\r\n\r\n<span style=\"font-weight: 400;\">Al descargar informaci\u00f3n oculta, abrimos espacio para nuevos estados deseados. Bienvenidos tambi\u00e9n los que deseen conectarse con su creatividad y quieran descubrir los beneficios de la meditaci\u00f3n activa.\u00a0\u00a0<\/span>\r\n\r\n<b>Duraci\u00f3n<\/b><span style=\"font-weight: 400;\">: 2 horas y 30 minutos<\/span>\r\n\r\n<b>Facilitadora:<\/b><a href=\"https:\/\/www.instagram.com\/stephanierosal\/?hl=en\"><span style=\"font-weight: 400;\"> Stephanie Rosal<\/span><\/a>","protected":false},"excerpt":{"rendered":"<p><b>Objetivo<\/b><span style=\"font-weight: 400;\">: Revisar tu estado presente f\u00edsico y emocional, descubriendo a trav\u00e9s de los colores y los mandalas posibles bloqueos inconscientes que te separan de tu estado deseado.\u00a0<\/span><\/p>\n<p><span style=\"font-weight: 400;\">El taller te ayuda a sacar informaci\u00f3n y contenidos de tu programaci\u00f3n ps\u00edquica.\u00a0<\/span><\/p>\n<p><span style=\"font-weight: 400;\">Al hacer consciente esta informaci\u00f3n, puedes reprogramar aquello que ya no te es \u00fatil.\u00a0<\/span><\/p>\n<p><span style=\"font-weight: 400;\">Esta herramienta estimula la creatividad, creando canales cognitivos a nuevas soluciones.\u00a0<\/span><\/p>\n<p><span style=\"font-weight: 400;\">Ayuda tambi\u00e9n a la mente a enfocarse en una tarea, lo cual fomenta la concentraci\u00f3n de\u00a0<\/span><\/p>\n<p><span style=\"font-weight: 400;\">la energ\u00eda enfocada a la soluci\u00f3n.\u00a0\u00a0<\/span><\/p>\n<p><b>Dirigido a<\/b><span style=\"font-weight: 400;\">: todas las personas interesadas en aprender una nueva herramienta de auto-conocimiento y de diagn\u00f3stico.\u00a0<\/span><\/p>\n<p><span style=\"font-weight: 400;\">Al descargar informaci\u00f3n oculta, abrimos espacio para nuevos estados deseados. Bienvenidos tambi\u00e9n los que deseen conectarse con su creatividad y quieran descubrir los beneficios de la meditaci\u00f3n activa.\u00a0\u00a0<\/span><\/p>\n<p><b>Duraci\u00f3n<\/b><span style=\"font-weight: 400;\">: 2 horas y 30 minutos<\/span><\/p>\n<p><b>Facilitadora:<\/b><a href=\"https:\/\/www.instagram.com\/stephanierosal\/?hl=en\"><span style=\"font-weight: 400;\"> Stephanie Rosal<\/span><\/a><\/p>\n","protected":false},"featured_media":1465,"comment_status":"open","ping_status":"closed","template":"","meta":[],"product_cat":[18],"product_tag":[],"class_list":["post-1464","product","type-product","status-publish","has-post-thumbnail","hentry","product_cat-talleres"],"yoast_head":"<!-- This site is optimized with the Yoast SEO plugin v18.8 - https:\/\/yoast.com\/wordpress\/plugins\/seo\/ -->\n<title>Conect\u00e1ndonos a nuestra salud a trav\u00e9s de los Mandalas - Instituto Asgard<\/title>\n<meta name=\"description\" content=\"todas los interesados en aprender una nueva herramienta de auto-conocimiento y diagn\u00f3stico\" \/>\n<meta name=\"robots\" content=\"index, follow, max-snippet:-1, max-image-preview:large, max-video-preview:-1\" \/>\n<link rel=\"canonical\" href=\"https:\/\/institutoasgard.com\/index.php\/producto\/conectandonos-a-nuestra-salud-a-traves-de-los-mandalas\/\" \/>\n<meta property=\"og:locale\" content=\"es_ES\" \/>\n<meta property=\"og:type\" content=\"article\" \/>\n<meta property=\"og:title\" content=\"Conect\u00e1ndonos a nuestra salud a trav\u00e9s de los Mandalas - Instituto Asgard\" \/>\n<meta property=\"og:description\" content=\"todas los interesados en aprender una nueva herramienta de auto-conocimiento y diagn\u00f3stico\" \/>\n<meta property=\"og:url\" content=\"https:\/\/institutoasgard.com\/index.php\/producto\/conectandonos-a-nuestra-salud-a-traves-de-los-mandalas\/\" \/>\n<meta property=\"og:site_name\" content=\"Instituto Asgard\" \/>\n<meta property=\"article:modified_time\" content=\"2022-05-14T04:03:20+00:00\" \/>\n<meta property=\"og:image\" content=\"https:\/\/institutoasgard.com\/wp-content\/uploads\/2022\/05\/Taller-7-Mandalas.png\" \/>\n\t<meta property=\"og:image:width\" content=\"1080\" \/>\n\t<meta property=\"og:image:height\" content=\"1080\" \/>\n\t<meta property=\"og:image:type\" content=\"image\/png\" \/>\n<meta name=\"twitter:card\" content=\"summary_large_image\" \/>\n<meta name=\"twitter:label1\" content=\"Tiempo estimado de lectura\" \/>\n\t<meta name=\"twitter:data1\" content=\"1 minuto\" \/>\n<script type=\"application\/ld+json\" class=\"yoast-schema-graph\">{\"@context\":\"https:\/\/schema.org\",\"@graph\":[{\"@type\":\"WebSite\",\"@id\":\"https:\/\/institutoasgard.com\/#website\",\"url\":\"https:\/\/institutoasgard.com\/\",\"name\":\"Instituto Asgard\",\"description\":\"\",\"potentialAction\":[{\"@type\":\"SearchAction\",\"target\":{\"@type\":\"EntryPoint\",\"urlTemplate\":\"https:\/\/institutoasgard.com\/?s={search_term_string}\"},\"query-input\":\"required name=search_term_string\"}],\"inLanguage\":\"es\"},{\"@type\":\"ImageObject\",\"inLanguage\":\"es\",\"@id\":\"https:\/\/institutoasgard.com\/index.php\/producto\/conectandonos-a-nuestra-salud-a-traves-de-los-mandalas\/#primaryimage\",\"url\":\"https:\/\/institutoasgard.com\/wp-content\/uploads\/2022\/05\/Taller-7-Mandalas.png\",\"contentUrl\":\"https:\/\/institutoasgard.com\/wp-content\/uploads\/2022\/05\/Taller-7-Mandalas.png\",\"width\":1080,\"height\":1080,\"caption\":\"Taller Conect\u00e1ndonos a nuestra salud a trav\u00e9s de los Mandalas - Instituto Asgard\"},{\"@type\":\"WebPage\",\"@id\":\"https:\/\/institutoasgard.com\/index.php\/producto\/conectandonos-a-nuestra-salud-a-traves-de-los-mandalas\/#webpage\",\"url\":\"https:\/\/institutoasgard.com\/index.php\/producto\/conectandonos-a-nuestra-salud-a-traves-de-los-mandalas\/\",\"name\":\"Conect\u00e1ndonos a nuestra salud a trav\u00e9s de los Mandalas - Instituto Asgard\",\"isPartOf\":{\"@id\":\"https:\/\/institutoasgard.com\/#website\"},\"primaryImageOfPage\":{\"@id\":\"https:\/\/institutoasgard.com\/index.php\/producto\/conectandonos-a-nuestra-salud-a-traves-de-los-mandalas\/#primaryimage\"},\"datePublished\":\"2022-05-14T04:03:19+00:00\",\"dateModified\":\"2022-05-14T04:03:20+00:00\",\"description\":\"todas los interesados en aprender una nueva herramienta de auto-conocimiento y diagn\u00f3stico\",\"breadcrumb\":{\"@id\":\"https:\/\/institutoasgard.com\/index.php\/producto\/conectandonos-a-nuestra-salud-a-traves-de-los-mandalas\/#breadcrumb\"},\"inLanguage\":\"es\",\"potentialAction\":[{\"@type\":\"ReadAction\",\"target\":[\"https:\/\/institutoasgard.com\/index.php\/producto\/conectandonos-a-nuestra-salud-a-traves-de-los-mandalas\/\"]}]},{\"@type\":\"BreadcrumbList\",\"@id\":\"https:\/\/institutoasgard.com\/index.php\/producto\/conectandonos-a-nuestra-salud-a-traves-de-los-mandalas\/#breadcrumb\",\"itemListElement\":[{\"@type\":\"ListItem\",\"position\":1,\"name\":\"Inicio\",\"item\":\"https:\/\/institutoasgard.com\/\"},{\"@type\":\"ListItem\",\"position\":2,\"name\":\"Conect\u00e1ndonos a nuestra salud a trav\u00e9s de los Mandalas\"}]}]}<\/script>\n<!-- \/ Yoast SEO plugin. -->","yoast_head_json":{"title":"Conect\u00e1ndonos a nuestra salud a trav\u00e9s de los Mandalas - Instituto Asgard","description":"todas los interesados en aprender una nueva herramienta de auto-conocimiento y diagn\u00f3stico","robots":{"index":"index","follow":"follow","max-snippet":"max-snippet:-1","max-image-preview":"max-image-preview:large","max-video-preview":"max-video-preview:-1"},"canonical":"https:\/\/institutoasgard.com\/index.php\/producto\/conectandonos-a-nuestra-salud-a-traves-de-los-mandalas\/","og_locale":"es_ES","og_type":"article","og_title":"Conect\u00e1ndonos a nuestra salud a trav\u00e9s de los Mandalas - Instituto Asgard","og_description":"todas los interesados en aprender una nueva herramienta de auto-conocimiento y diagn\u00f3stico","og_url":"https:\/\/institutoasgard.com\/index.php\/producto\/conectandonos-a-nuestra-salud-a-traves-de-los-mandalas\/","og_site_name":"Instituto Asgard","article_modified_time":"2022-05-14T04:03:20+00:00","og_image":[{"width":1080,"height":1080,"url":"https:\/\/institutoasgard.com\/wp-content\/uploads\/2022\/05\/Taller-7-Mandalas.png","type":"image\/png"}],"twitter_card":"summary_large_image","twitter_misc":{"Tiempo estimado de lectura":"1 minuto"},"schema":{"@context":"https:\/\/schema.org","@graph":[{"@type":"WebSite","@id":"https:\/\/institutoasgard.com\/#website","url":"https:\/\/institutoasgard.com\/","name":"Instituto Asgard","description":"","potentialAction":[{"@type":"SearchAction","target":{"@type":"EntryPoint","urlTemplate":"https:\/\/institutoasgard.com\/?s={search_term_string}"},"query-input":"required name=search_term_string"}],"inLanguage":"es"},{"@type":"ImageObject","inLanguage":"es","@id":"https:\/\/institutoasgard.com\/index.php\/producto\/conectandonos-a-nuestra-salud-a-traves-de-los-mandalas\/#primaryimage","url":"https:\/\/institutoasgard.com\/wp-content\/uploads\/2022\/05\/Taller-7-Mandalas.png","contentUrl":"https:\/\/institutoasgard.com\/wp-content\/uploads\/2022\/05\/Taller-7-Mandalas.png","width":1080,"height":1080,"caption":"Taller Conect\u00e1ndonos a nuestra salud a trav\u00e9s de los Mandalas - Instituto Asgard"},{"@type":"WebPage","@id":"https:\/\/institutoasgard.com\/index.php\/producto\/conectandonos-a-nuestra-salud-a-traves-de-los-mandalas\/#webpage","url":"https:\/\/institutoasgard.com\/index.php\/producto\/conectandonos-a-nuestra-salud-a-traves-de-los-mandalas\/","name":"Conect\u00e1ndonos a nuestra salud a trav\u00e9s de los Mandalas - Instituto Asgard","isPartOf":{"@id":"https:\/\/institutoasgard.com\/#website"},"primaryImageOfPage":{"@id":"https:\/\/institutoasgard.com\/index.php\/producto\/conectandonos-a-nuestra-salud-a-traves-de-los-mandalas\/#primaryimage"},"datePublished":"2022-05-14T04:03:19+00:00","dateModified":"2022-05-14T04:03:20+00:00","description":"todas los interesados en aprender una nueva herramienta de auto-conocimiento y diagn\u00f3stico","breadcrumb":{"@id":"https:\/\/institutoasgard.com\/index.php\/producto\/conectandonos-a-nuestra-salud-a-traves-de-los-mandalas\/#breadcrumb"},"inLanguage":"es","potentialAction":[{"@type":"ReadAction","target":["https:\/\/institutoasgard.com\/index.php\/producto\/conectandonos-a-nuestra-salud-a-traves-de-los-mandalas\/"]}]},{"@type":"BreadcrumbList","@id":"https:\/\/institutoasgard.com\/index.php\/producto\/conectandonos-a-nuestra-salud-a-traves-de-los-mandalas\/#breadcrumb","itemListElement":[{"@type":"ListItem","position":1,"name":"Inicio","item":"https:\/\/institutoasgard.com\/"},{"@type":"ListItem","position":2,"name":"Conect\u00e1ndonos a nuestra salud a trav\u00e9s de los Mandalas"}]}]}},"_links":{"self":[{"href":"https:\/\/institutoasgard.com\/index.php\/wp-json\/wp\/v2\/product\/1464","targetHints":{"allow":["GET"]}}],"collection":[{"href":"https:\/\/institutoasgard.com\/index.php\/wp-json\/wp\/v2\/product"}],"about":[{"href":"https:\/\/institutoasgard.com\/index.php\/wp-json\/wp\/v2\/types\/product"}],"replies":[{"embeddable":true,"href":"https:\/\/institutoasgard.com\/index.php\/wp-json\/wp\/v2\/comments?post=1464"}],"wp:featuredmedia":[{"embeddable":true,"href":"https:\/\/institutoasgard.com\/index.php\/wp-json\/wp\/v2\/media\/1465"}],"wp:attachment":[{"href":"https:\/\/institutoasgard.com\/index.php\/wp-json\/wp\/v2\/media?parent=1464"}],"wp:term":[{"taxonomy":"product_cat","embeddable":true,"href":"https:\/\/institutoasgard.com\/index.php\/wp-json\/wp\/v2\/product_cat?post=1464"},{"taxonomy":"product_tag","embeddable":true,"href":"https:\/\/institutoasgard.com\/index.php\/wp-json\/wp\/v2\/product_tag?post=1464"}],"curies":[{"name":"wp","href":"https:\/\/api.w.org\/{rel}","templated":true}]}}