{"id":1473,"date":"2022-05-14T00:44:16","date_gmt":"2022-05-14T04:44:16","guid":{"rendered":"https:\/\/institutoasgard.com\/?post_type=product&#038;p=1473"},"modified":"2022-05-14T00:44:17","modified_gmt":"2022-05-14T04:44:17","slug":"iluminando-sombras","status":"publish","type":"product","link":"https:\/\/institutoasgard.com\/index.php\/producto\/iluminando-sombras\/","title":{"rendered":"Iluminando sombras"},"content":{"rendered":"<span style=\"font-weight: 400;\">\u201cEl arte de comprender nuestra Historia Familiar\u201d.\u00a0<\/span>\r\n\r\n<b>Objetivo:<\/b><span style=\"font-weight: 400;\"> Conocer, comprender y acercarse a sanar nuestra historia familiar a trav\u00e9s del estudio del \u00e1rbol geneal\u00f3gico.\u00a0 Experimentando con ejercicios pr\u00e1cticos encuentros llevados semana a semana, lograr un proceso de entendimiento de relaciones y patrones familiares heredados y alcanzar todo aquello que te propones en la vida.\u00a0\u00a0\u00a0<\/span>\r\n\r\n<span style=\"font-weight: 400;\">Desde peque\u00f1os, nos ha dado mucha curiosidad conocer un poco las historias y aventuras que vivieron nuestros padres, abuelos y hasta nuestros bisabuelos. Mientras m\u00e1s remoto en el tiempo y en el lugar, nos interesamos y deseamos saber m\u00e1s sobre otros detalles que vemos imposible averiguar e incluso verificar.\u00a0<\/span>\r\n\r\n<span style=\"font-weight: 400;\">Es por ello que tenemos para ustedes este maravilloso taller ILUMINANDO SOMBRAS \u201cEl arte de comprender nuestra Historia Familiar\u201d.<\/span>\r\n\r\n<b>Dirigido a:<\/b><span style=\"font-weight: 400;\"> Profesionales, gerentes, terapeutas, docentes, dirigentes, parejas y toda persona interesada en buscar soluciones, conocer y entender las relaciones familiares y sus din\u00e1micas.<\/span>\r\n\r\n<b>Duraci\u00f3n:<\/b><span style=\"font-weight: 400;\"> 3 encuentros (una vez por semana) de 2 horas cada uno<\/span>\r\n\r\n<b>Facilitadoras:<\/b><span style=\"font-weight: 400;\"><a href=\"https:\/\/www.instagram.com\/agathacdl\/?hl=en\"> Agatha Carrillo<\/a> y <a href=\"https:\/\/www.instagram.com\/beagraficoach\/?hl=en\">Beatriz Serra<\/a>.<\/span>","protected":false},"excerpt":{"rendered":"<p><span style=\"font-weight: 400;\">\u201cEl arte de comprender nuestra Historia Familiar\u201d.\u00a0<\/span><\/p>\n<p><b>Objetivo:<\/b><span style=\"font-weight: 400;\"> Conocer, comprender y acercarse a sanar nuestra historia familiar a trav\u00e9s del estudio del \u00e1rbol geneal\u00f3gico.\u00a0 Experimentando con ejercicios pr\u00e1cticos encuentros llevados semana a semana, lograr un proceso de entendimiento de relaciones y patrones familiares heredados y alcanzar todo aquello que te propones en la vida.\u00a0\u00a0\u00a0<\/span><\/p>\n<p><span style=\"font-weight: 400;\">Desde peque\u00f1os, nos ha dado mucha curiosidad conocer un poco las historias y aventuras que vivieron nuestros padres, abuelos y hasta nuestros bisabuelos. Mientras m\u00e1s remoto en el tiempo y en el lugar, nos interesamos y deseamos saber m\u00e1s sobre otros detalles que vemos imposible averiguar e incluso verificar.\u00a0<\/span><\/p>\n<p><span style=\"font-weight: 400;\">Es por ello que tenemos para ustedes este maravilloso taller ILUMINANDO SOMBRAS \u201cEl arte de comprender nuestra Historia Familiar\u201d.<\/span><\/p>\n<p><b>Dirigido a:<\/b><span style=\"font-weight: 400;\"> Profesionales, gerentes, terapeutas, docentes, dirigentes, parejas y toda persona interesada en buscar soluciones, conocer y entender las relaciones familiares y sus din\u00e1micas.<\/span><\/p>\n<p><b>Duraci\u00f3n:<\/b><span style=\"font-weight: 400;\"> 3 encuentros (una vez por semana) de 2 horas cada uno<\/span><\/p>\n<p><b>Facilitadoras:<\/b><span style=\"font-weight: 400;\"><a href=\"https:\/\/www.instagram.com\/agathacdl\/?hl=en\"> Agatha Carrillo<\/a> y <a href=\"https:\/\/www.instagram.com\/beagraficoach\/?hl=en\">Beatriz Serra<\/a>.<\/span><\/p>\n","protected":false},"featured_media":1474,"comment_status":"open","ping_status":"closed","template":"","meta":[],"product_cat":[18],"product_tag":[],"class_list":["post-1473","product","type-product","status-publish","has-post-thumbnail","hentry","product_cat-talleres"],"yoast_head":"<!-- This site is optimized with the Yoast SEO plugin v18.8 - https:\/\/yoast.com\/wordpress\/plugins\/seo\/ -->\n<title>Iluminando sombras - Instituto Asgard<\/title>\n<meta name=\"description\" content=\"Profesionales, gerentes, terapeutas, docentes, dirigentes, parejas y toda persona interesada en buscar soluciones, entender las relaciones y din\u00e1micas.\" \/>\n<meta name=\"robots\" content=\"index, follow, max-snippet:-1, max-image-preview:large, max-video-preview:-1\" \/>\n<link rel=\"canonical\" href=\"https:\/\/institutoasgard.com\/index.php\/producto\/iluminando-sombras\/\" \/>\n<meta property=\"og:locale\" content=\"es_ES\" \/>\n<meta property=\"og:type\" content=\"article\" \/>\n<meta property=\"og:title\" content=\"Iluminando sombras - Instituto Asgard\" \/>\n<meta property=\"og:description\" content=\"Profesionales, gerentes, terapeutas, docentes, dirigentes, parejas y toda persona interesada en buscar soluciones, entender las relaciones y din\u00e1micas.\" \/>\n<meta property=\"og:url\" content=\"https:\/\/institutoasgard.com\/index.php\/producto\/iluminando-sombras\/\" \/>\n<meta property=\"og:site_name\" content=\"Instituto Asgard\" \/>\n<meta property=\"article:modified_time\" content=\"2022-05-14T04:44:17+00:00\" \/>\n<meta property=\"og:image\" content=\"https:\/\/institutoasgard.com\/wp-content\/uploads\/2022\/05\/Taller-12-iluminando-sombras.jpg\" \/>\n\t<meta property=\"og:image:width\" content=\"601\" \/>\n\t<meta property=\"og:image:height\" content=\"640\" \/>\n\t<meta property=\"og:image:type\" content=\"image\/jpeg\" \/>\n<meta name=\"twitter:card\" content=\"summary_large_image\" \/>\n<meta name=\"twitter:label1\" content=\"Tiempo estimado de lectura\" \/>\n\t<meta name=\"twitter:data1\" content=\"1 minuto\" \/>\n<script type=\"application\/ld+json\" class=\"yoast-schema-graph\">{\"@context\":\"https:\/\/schema.org\",\"@graph\":[{\"@type\":\"WebSite\",\"@id\":\"https:\/\/institutoasgard.com\/#website\",\"url\":\"https:\/\/institutoasgard.com\/\",\"name\":\"Instituto Asgard\",\"description\":\"\",\"potentialAction\":[{\"@type\":\"SearchAction\",\"target\":{\"@type\":\"EntryPoint\",\"urlTemplate\":\"https:\/\/institutoasgard.com\/?s={search_term_string}\"},\"query-input\":\"required name=search_term_string\"}],\"inLanguage\":\"es\"},{\"@type\":\"ImageObject\",\"inLanguage\":\"es\",\"@id\":\"https:\/\/institutoasgard.com\/index.php\/producto\/iluminando-sombras\/#primaryimage\",\"url\":\"https:\/\/institutoasgard.com\/wp-content\/uploads\/2022\/05\/Taller-12-iluminando-sombras.jpg\",\"contentUrl\":\"https:\/\/institutoasgard.com\/wp-content\/uploads\/2022\/05\/Taller-12-iluminando-sombras.jpg\",\"width\":601,\"height\":640,\"caption\":\"Taller Iluminando sombras - Instituto Asgard\"},{\"@type\":\"WebPage\",\"@id\":\"https:\/\/institutoasgard.com\/index.php\/producto\/iluminando-sombras\/#webpage\",\"url\":\"https:\/\/institutoasgard.com\/index.php\/producto\/iluminando-sombras\/\",\"name\":\"Iluminando sombras - Instituto Asgard\",\"isPartOf\":{\"@id\":\"https:\/\/institutoasgard.com\/#website\"},\"primaryImageOfPage\":{\"@id\":\"https:\/\/institutoasgard.com\/index.php\/producto\/iluminando-sombras\/#primaryimage\"},\"datePublished\":\"2022-05-14T04:44:16+00:00\",\"dateModified\":\"2022-05-14T04:44:17+00:00\",\"description\":\"Profesionales, gerentes, terapeutas, docentes, dirigentes, parejas y toda persona interesada en buscar soluciones, entender las relaciones y din\u00e1micas.\",\"breadcrumb\":{\"@id\":\"https:\/\/institutoasgard.com\/index.php\/producto\/iluminando-sombras\/#breadcrumb\"},\"inLanguage\":\"es\",\"potentialAction\":[{\"@type\":\"ReadAction\",\"target\":[\"https:\/\/institutoasgard.com\/index.php\/producto\/iluminando-sombras\/\"]}]},{\"@type\":\"BreadcrumbList\",\"@id\":\"https:\/\/institutoasgard.com\/index.php\/producto\/iluminando-sombras\/#breadcrumb\",\"itemListElement\":[{\"@type\":\"ListItem\",\"position\":1,\"name\":\"Inicio\",\"item\":\"https:\/\/institutoasgard.com\/\"},{\"@type\":\"ListItem\",\"position\":2,\"name\":\"Iluminando sombras\"}]}]}<\/script>\n<!-- \/ Yoast SEO plugin. -->","yoast_head_json":{"title":"Iluminando sombras - Instituto Asgard","description":"Profesionales, gerentes, terapeutas, docentes, dirigentes, parejas y toda persona interesada en buscar soluciones, entender las relaciones y din\u00e1micas.","robots":{"index":"index","follow":"follow","max-snippet":"max-snippet:-1","max-image-preview":"max-image-preview:large","max-video-preview":"max-video-preview:-1"},"canonical":"https:\/\/institutoasgard.com\/index.php\/producto\/iluminando-sombras\/","og_locale":"es_ES","og_type":"article","og_title":"Iluminando sombras - Instituto Asgard","og_description":"Profesionales, gerentes, terapeutas, docentes, dirigentes, parejas y toda persona interesada en buscar soluciones, entender las relaciones y din\u00e1micas.","og_url":"https:\/\/institutoasgard.com\/index.php\/producto\/iluminando-sombras\/","og_site_name":"Instituto Asgard","article_modified_time":"2022-05-14T04:44:17+00:00","og_image":[{"width":601,"height":640,"url":"https:\/\/institutoasgard.com\/wp-content\/uploads\/2022\/05\/Taller-12-iluminando-sombras.jpg","type":"image\/jpeg"}],"twitter_card":"summary_large_image","twitter_misc":{"Tiempo estimado de lectura":"1 minuto"},"schema":{"@context":"https:\/\/schema.org","@graph":[{"@type":"WebSite","@id":"https:\/\/institutoasgard.com\/#website","url":"https:\/\/institutoasgard.com\/","name":"Instituto Asgard","description":"","potentialAction":[{"@type":"SearchAction","target":{"@type":"EntryPoint","urlTemplate":"https:\/\/institutoasgard.com\/?s={search_term_string}"},"query-input":"required name=search_term_string"}],"inLanguage":"es"},{"@type":"ImageObject","inLanguage":"es","@id":"https:\/\/institutoasgard.com\/index.php\/producto\/iluminando-sombras\/#primaryimage","url":"https:\/\/institutoasgard.com\/wp-content\/uploads\/2022\/05\/Taller-12-iluminando-sombras.jpg","contentUrl":"https:\/\/institutoasgard.com\/wp-content\/uploads\/2022\/05\/Taller-12-iluminando-sombras.jpg","width":601,"height":640,"caption":"Taller Iluminando sombras - Instituto Asgard"},{"@type":"WebPage","@id":"https:\/\/institutoasgard.com\/index.php\/producto\/iluminando-sombras\/#webpage","url":"https:\/\/institutoasgard.com\/index.php\/producto\/iluminando-sombras\/","name":"Iluminando sombras - Instituto Asgard","isPartOf":{"@id":"https:\/\/institutoasgard.com\/#website"},"primaryImageOfPage":{"@id":"https:\/\/institutoasgard.com\/index.php\/producto\/iluminando-sombras\/#primaryimage"},"datePublished":"2022-05-14T04:44:16+00:00","dateModified":"2022-05-14T04:44:17+00:00","description":"Profesionales, gerentes, terapeutas, docentes, dirigentes, parejas y toda persona interesada en buscar soluciones, entender las relaciones y din\u00e1micas.","breadcrumb":{"@id":"https:\/\/institutoasgard.com\/index.php\/producto\/iluminando-sombras\/#breadcrumb"},"inLanguage":"es","potentialAction":[{"@type":"ReadAction","target":["https:\/\/institutoasgard.com\/index.php\/producto\/iluminando-sombras\/"]}]},{"@type":"BreadcrumbList","@id":"https:\/\/institutoasgard.com\/index.php\/producto\/iluminando-sombras\/#breadcrumb","itemListElement":[{"@type":"ListItem","position":1,"name":"Inicio","item":"https:\/\/institutoasgard.com\/"},{"@type":"ListItem","position":2,"name":"Iluminando sombras"}]}]}},"_links":{"self":[{"href":"https:\/\/institutoasgard.com\/index.php\/wp-json\/wp\/v2\/product\/1473","targetHints":{"allow":["GET"]}}],"collection":[{"href":"https:\/\/institutoasgard.com\/index.php\/wp-json\/wp\/v2\/product"}],"about":[{"href":"https:\/\/institutoasgard.com\/index.php\/wp-json\/wp\/v2\/types\/product"}],"replies":[{"embeddable":true,"href":"https:\/\/institutoasgard.com\/index.php\/wp-json\/wp\/v2\/comments?post=1473"}],"wp:featuredmedia":[{"embeddable":true,"href":"https:\/\/institutoasgard.com\/index.php\/wp-json\/wp\/v2\/media\/1474"}],"wp:attachment":[{"href":"https:\/\/institutoasgard.com\/index.php\/wp-json\/wp\/v2\/media?parent=1473"}],"wp:term":[{"taxonomy":"product_cat","embeddable":true,"href":"https:\/\/institutoasgard.com\/index.php\/wp-json\/wp\/v2\/product_cat?post=1473"},{"taxonomy":"product_tag","embeddable":true,"href":"https:\/\/institutoasgard.com\/index.php\/wp-json\/wp\/v2\/product_tag?post=1473"}],"curies":[{"name":"wp","href":"https:\/\/api.w.org\/{rel}","templated":true}]}}