{"id":1475,"date":"2022-05-14T01:05:29","date_gmt":"2022-05-14T05:05:29","guid":{"rendered":"https:\/\/institutoasgard.com\/?post_type=product&#038;p=1475"},"modified":"2022-05-18T01:21:06","modified_gmt":"2022-05-18T05:21:06","slug":"que-se-esconde-tras-el-exito-del-primogenito","status":"publish","type":"product","link":"https:\/\/institutoasgard.com\/index.php\/producto\/que-se-esconde-tras-el-exito-del-primogenito\/","title":{"rendered":"\u00bfQu\u00e9 se esconde tras el \u00e9xito del primog\u00e9nito?"},"content":{"rendered":"<b>Objetivo: <\/b><span style=\"font-weight: 400;\">Descubrir de d\u00f3nde pueden surgir las din\u00e1micas, lealtades y formas de relacionarse del primog\u00e9nit@, primer hijo o hija de pap\u00e1 y mam\u00e1, y c\u00f3mo influyen en los diferentes \u00e1mbitos de la vida.\u00a0<\/span>\r\n\r\n<span style=\"font-weight: 400;\">Seas o no el primer@ en llegar, puede ser muy \u00fatil comprender este enfoque sobre esa percepci\u00f3n del \u00e9xito, la influencia del sistema familiar, del entorno e identificar su verdadero lugar con libertad y respeto, lo cual puede contribuir a una mejor vida, liberar cargas inconscientes, solucionar conflictos y renovar las relaciones, el desenvolvimiento y finalmente el \u00e9xito en todos los sentidos.<\/span>\r\n\r\n<b>Dirigido a: <\/b><span style=\"font-weight: 400;\">Padres, primog\u00e9nit@s, hermanos, parejas, l\u00edderes, empleados, terapeutas y toda aquella persona que sienta que su vida, su relacionamiento y el \u00e9xito, pueda estar influenciado por esa relaci\u00f3n con el primer@.<\/span>\r\n\r\n<b>Duraci\u00f3n: <\/b><span style=\"font-weight: 400;\">Taller de 4 horas<\/span>\r\n\r\n<b>Facilitador: <\/b><a href=\"https:\/\/www.instagram.com\/arautova\/?hl=en\">Luis Enrique Araujo T.<\/a> (Primog\u00e9nito)","protected":false},"excerpt":{"rendered":"<p><b>Objetivo: <\/b><span style=\"font-weight: 400;\">Descubrir de d\u00f3nde pueden surgir las din\u00e1micas, lealtades y formas de relacionarse del primog\u00e9nit@, primer hijo o hija de pap\u00e1 y mam\u00e1, y c\u00f3mo influyen en los diferentes \u00e1mbitos de la vida.\u00a0<\/span><\/p>\n<p><span style=\"font-weight: 400;\">Seas o no el primer@ en llegar, puede ser muy \u00fatil comprender este enfoque sobre esa percepci\u00f3n del \u00e9xito, la influencia del sistema familiar, del entorno e identificar su verdadero lugar con libertad y respeto, lo cual puede contribuir a una mejor vida, liberar cargas inconscientes, solucionar conflictos y renovar las relaciones, el desenvolvimiento y finalmente el \u00e9xito en todos los sentidos.<\/span><\/p>\n<p><b>Dirigido a: <\/b><span style=\"font-weight: 400;\">Padres, primog\u00e9nit@s, hermanos, parejas, l\u00edderes, empleados, terapeutas y toda aquella persona que sienta que su vida, su relacionamiento y el \u00e9xito, pueda estar influenciado por esa relaci\u00f3n con el primer@.<\/span><\/p>\n<p><b>Duraci\u00f3n: <\/b><span style=\"font-weight: 400;\">Taller de 4 horas<\/span><\/p>\n<p><b>Facilitador: <\/b><a href=\"https:\/\/www.instagram.com\/arautova\/?hl=en\">Luis Enrique Araujo T.<\/a> (Primog\u00e9nito)<\/p>\n","protected":false},"featured_media":1476,"comment_status":"open","ping_status":"closed","template":"","meta":[],"product_cat":[18],"product_tag":[],"class_list":["post-1475","product","type-product","status-publish","has-post-thumbnail","hentry","product_cat-talleres"],"yoast_head":"<!-- This site is optimized with the Yoast SEO plugin v18.8 - https:\/\/yoast.com\/wordpress\/plugins\/seo\/ -->\n<title>\u00bfQu\u00e9 se esconde tras el \u00e9xito del primog\u00e9nito? - Instituto Asgard<\/title>\n<meta name=\"description\" content=\"Padres, primog\u00e9nitos, hermanos, parejas, l\u00edderes, empleados, terapeutas, quien sienta que su vida, sus relaciones y el \u00e9xito est\u00e9n afectados\" \/>\n<meta name=\"robots\" content=\"index, follow, max-snippet:-1, max-image-preview:large, max-video-preview:-1\" \/>\n<link rel=\"canonical\" href=\"https:\/\/institutoasgard.com\/index.php\/producto\/que-se-esconde-tras-el-exito-del-primogenito\/\" \/>\n<meta property=\"og:locale\" content=\"es_ES\" \/>\n<meta property=\"og:type\" content=\"article\" \/>\n<meta property=\"og:title\" content=\"\u00bfQu\u00e9 se esconde tras el \u00e9xito del primog\u00e9nito? - Instituto Asgard\" \/>\n<meta property=\"og:description\" content=\"Padres, primog\u00e9nitos, hermanos, parejas, l\u00edderes, empleados, terapeutas, quien sienta que su vida, sus relaciones y el \u00e9xito est\u00e9n afectados\" \/>\n<meta property=\"og:url\" content=\"https:\/\/institutoasgard.com\/index.php\/producto\/que-se-esconde-tras-el-exito-del-primogenito\/\" \/>\n<meta property=\"og:site_name\" content=\"Instituto Asgard\" \/>\n<meta property=\"article:modified_time\" content=\"2022-05-18T05:21:06+00:00\" \/>\n<meta property=\"og:image\" content=\"https:\/\/institutoasgard.com\/wp-content\/uploads\/2022\/05\/Taller-13-Primogenito-Luis-Enrique-Araujo-2.jpg\" \/>\n\t<meta property=\"og:image:width\" content=\"1080\" \/>\n\t<meta property=\"og:image:height\" content=\"1081\" \/>\n\t<meta property=\"og:image:type\" content=\"image\/jpeg\" \/>\n<meta name=\"twitter:card\" content=\"summary_large_image\" \/>\n<meta name=\"twitter:label1\" content=\"Tiempo estimado de lectura\" \/>\n\t<meta name=\"twitter:data1\" content=\"1 minuto\" \/>\n<script type=\"application\/ld+json\" class=\"yoast-schema-graph\">{\"@context\":\"https:\/\/schema.org\",\"@graph\":[{\"@type\":\"WebSite\",\"@id\":\"https:\/\/institutoasgard.com\/#website\",\"url\":\"https:\/\/institutoasgard.com\/\",\"name\":\"Instituto Asgard\",\"description\":\"\",\"potentialAction\":[{\"@type\":\"SearchAction\",\"target\":{\"@type\":\"EntryPoint\",\"urlTemplate\":\"https:\/\/institutoasgard.com\/?s={search_term_string}\"},\"query-input\":\"required name=search_term_string\"}],\"inLanguage\":\"es\"},{\"@type\":\"ImageObject\",\"inLanguage\":\"es\",\"@id\":\"https:\/\/institutoasgard.com\/index.php\/producto\/que-se-esconde-tras-el-exito-del-primogenito\/#primaryimage\",\"url\":\"https:\/\/institutoasgard.com\/wp-content\/uploads\/2022\/05\/Taller-13-Primogenito-Luis-Enrique-Araujo-2.jpg\",\"contentUrl\":\"https:\/\/institutoasgard.com\/wp-content\/uploads\/2022\/05\/Taller-13-Primogenito-Luis-Enrique-Araujo-2.jpg\",\"width\":1080,\"height\":1081,\"caption\":\"Taller Qu\u00e9 se esconde tras el \u00e9xito del primog\u00e9nito - Instituto Asgard\"},{\"@type\":\"WebPage\",\"@id\":\"https:\/\/institutoasgard.com\/index.php\/producto\/que-se-esconde-tras-el-exito-del-primogenito\/#webpage\",\"url\":\"https:\/\/institutoasgard.com\/index.php\/producto\/que-se-esconde-tras-el-exito-del-primogenito\/\",\"name\":\"\u00bfQu\u00e9 se esconde tras el \u00e9xito del primog\u00e9nito? - Instituto Asgard\",\"isPartOf\":{\"@id\":\"https:\/\/institutoasgard.com\/#website\"},\"primaryImageOfPage\":{\"@id\":\"https:\/\/institutoasgard.com\/index.php\/producto\/que-se-esconde-tras-el-exito-del-primogenito\/#primaryimage\"},\"datePublished\":\"2022-05-14T05:05:29+00:00\",\"dateModified\":\"2022-05-18T05:21:06+00:00\",\"description\":\"Padres, primog\u00e9nitos, hermanos, parejas, l\u00edderes, empleados, terapeutas, quien sienta que su vida, sus relaciones y el \u00e9xito est\u00e9n afectados\",\"breadcrumb\":{\"@id\":\"https:\/\/institutoasgard.com\/index.php\/producto\/que-se-esconde-tras-el-exito-del-primogenito\/#breadcrumb\"},\"inLanguage\":\"es\",\"potentialAction\":[{\"@type\":\"ReadAction\",\"target\":[\"https:\/\/institutoasgard.com\/index.php\/producto\/que-se-esconde-tras-el-exito-del-primogenito\/\"]}]},{\"@type\":\"BreadcrumbList\",\"@id\":\"https:\/\/institutoasgard.com\/index.php\/producto\/que-se-esconde-tras-el-exito-del-primogenito\/#breadcrumb\",\"itemListElement\":[{\"@type\":\"ListItem\",\"position\":1,\"name\":\"Inicio\",\"item\":\"https:\/\/institutoasgard.com\/\"},{\"@type\":\"ListItem\",\"position\":2,\"name\":\"\u00bfQu\u00e9 se esconde tras el \u00e9xito del primog\u00e9nito?\"}]}]}<\/script>\n<!-- \/ Yoast SEO plugin. -->","yoast_head_json":{"title":"\u00bfQu\u00e9 se esconde tras el \u00e9xito del primog\u00e9nito? - Instituto Asgard","description":"Padres, primog\u00e9nitos, hermanos, parejas, l\u00edderes, empleados, terapeutas, quien sienta que su vida, sus relaciones y el \u00e9xito est\u00e9n afectados","robots":{"index":"index","follow":"follow","max-snippet":"max-snippet:-1","max-image-preview":"max-image-preview:large","max-video-preview":"max-video-preview:-1"},"canonical":"https:\/\/institutoasgard.com\/index.php\/producto\/que-se-esconde-tras-el-exito-del-primogenito\/","og_locale":"es_ES","og_type":"article","og_title":"\u00bfQu\u00e9 se esconde tras el \u00e9xito del primog\u00e9nito? - Instituto Asgard","og_description":"Padres, primog\u00e9nitos, hermanos, parejas, l\u00edderes, empleados, terapeutas, quien sienta que su vida, sus relaciones y el \u00e9xito est\u00e9n afectados","og_url":"https:\/\/institutoasgard.com\/index.php\/producto\/que-se-esconde-tras-el-exito-del-primogenito\/","og_site_name":"Instituto Asgard","article_modified_time":"2022-05-18T05:21:06+00:00","og_image":[{"width":1080,"height":1081,"url":"https:\/\/institutoasgard.com\/wp-content\/uploads\/2022\/05\/Taller-13-Primogenito-Luis-Enrique-Araujo-2.jpg","type":"image\/jpeg"}],"twitter_card":"summary_large_image","twitter_misc":{"Tiempo estimado de lectura":"1 minuto"},"schema":{"@context":"https:\/\/schema.org","@graph":[{"@type":"WebSite","@id":"https:\/\/institutoasgard.com\/#website","url":"https:\/\/institutoasgard.com\/","name":"Instituto Asgard","description":"","potentialAction":[{"@type":"SearchAction","target":{"@type":"EntryPoint","urlTemplate":"https:\/\/institutoasgard.com\/?s={search_term_string}"},"query-input":"required name=search_term_string"}],"inLanguage":"es"},{"@type":"ImageObject","inLanguage":"es","@id":"https:\/\/institutoasgard.com\/index.php\/producto\/que-se-esconde-tras-el-exito-del-primogenito\/#primaryimage","url":"https:\/\/institutoasgard.com\/wp-content\/uploads\/2022\/05\/Taller-13-Primogenito-Luis-Enrique-Araujo-2.jpg","contentUrl":"https:\/\/institutoasgard.com\/wp-content\/uploads\/2022\/05\/Taller-13-Primogenito-Luis-Enrique-Araujo-2.jpg","width":1080,"height":1081,"caption":"Taller Qu\u00e9 se esconde tras el \u00e9xito del primog\u00e9nito - Instituto Asgard"},{"@type":"WebPage","@id":"https:\/\/institutoasgard.com\/index.php\/producto\/que-se-esconde-tras-el-exito-del-primogenito\/#webpage","url":"https:\/\/institutoasgard.com\/index.php\/producto\/que-se-esconde-tras-el-exito-del-primogenito\/","name":"\u00bfQu\u00e9 se esconde tras el \u00e9xito del primog\u00e9nito? - Instituto Asgard","isPartOf":{"@id":"https:\/\/institutoasgard.com\/#website"},"primaryImageOfPage":{"@id":"https:\/\/institutoasgard.com\/index.php\/producto\/que-se-esconde-tras-el-exito-del-primogenito\/#primaryimage"},"datePublished":"2022-05-14T05:05:29+00:00","dateModified":"2022-05-18T05:21:06+00:00","description":"Padres, primog\u00e9nitos, hermanos, parejas, l\u00edderes, empleados, terapeutas, quien sienta que su vida, sus relaciones y el \u00e9xito est\u00e9n afectados","breadcrumb":{"@id":"https:\/\/institutoasgard.com\/index.php\/producto\/que-se-esconde-tras-el-exito-del-primogenito\/#breadcrumb"},"inLanguage":"es","potentialAction":[{"@type":"ReadAction","target":["https:\/\/institutoasgard.com\/index.php\/producto\/que-se-esconde-tras-el-exito-del-primogenito\/"]}]},{"@type":"BreadcrumbList","@id":"https:\/\/institutoasgard.com\/index.php\/producto\/que-se-esconde-tras-el-exito-del-primogenito\/#breadcrumb","itemListElement":[{"@type":"ListItem","position":1,"name":"Inicio","item":"https:\/\/institutoasgard.com\/"},{"@type":"ListItem","position":2,"name":"\u00bfQu\u00e9 se esconde tras el \u00e9xito del primog\u00e9nito?"}]}]}},"_links":{"self":[{"href":"https:\/\/institutoasgard.com\/index.php\/wp-json\/wp\/v2\/product\/1475","targetHints":{"allow":["GET"]}}],"collection":[{"href":"https:\/\/institutoasgard.com\/index.php\/wp-json\/wp\/v2\/product"}],"about":[{"href":"https:\/\/institutoasgard.com\/index.php\/wp-json\/wp\/v2\/types\/product"}],"replies":[{"embeddable":true,"href":"https:\/\/institutoasgard.com\/index.php\/wp-json\/wp\/v2\/comments?post=1475"}],"wp:featuredmedia":[{"embeddable":true,"href":"https:\/\/institutoasgard.com\/index.php\/wp-json\/wp\/v2\/media\/1476"}],"wp:attachment":[{"href":"https:\/\/institutoasgard.com\/index.php\/wp-json\/wp\/v2\/media?parent=1475"}],"wp:term":[{"taxonomy":"product_cat","embeddable":true,"href":"https:\/\/institutoasgard.com\/index.php\/wp-json\/wp\/v2\/product_cat?post=1475"},{"taxonomy":"product_tag","embeddable":true,"href":"https:\/\/institutoasgard.com\/index.php\/wp-json\/wp\/v2\/product_tag?post=1475"}],"curies":[{"name":"wp","href":"https:\/\/api.w.org\/{rel}","templated":true}]}}